 be 4/(-3)*(-99)/44. Suppose -a - 3*h + 35 = 0, 0*a - 55 = -2*a - y*h. Calculate the highest common divisor of 45 and a.
5
Suppose -864*f - 2300 = -956*f. Let z be ((-15)/(-3))/(2/50). Calculate the greatest common factor of z and f.
25
Let w be (-8 + 308/35)/((-2)/(-10)). Let h be (w - (-8)/(48/(-279)))*-8. What is the greatest common factor of h and 204?
68
Suppose 2231 = m + 2*l, 3*m - 52*l = -50*l + 6693. What is the greatest common factor of m and 92?
23
Suppose 2*t - 249 = -5*a + 297, 5*t = 5*a + 1400. Suppose 4*o - b - t = 0, -3*o + 2*b = -3*b - 217. Calculate the highest common divisor of 483 and o.
69
Let k(n) be the third derivative of n**5/60 - n**4 + 50*n**3/3 - 102*n**2. Let q be k(5). What is the highest common divisor of q and 335?
5
Suppose -4*n + 2*b = -14, 11 - 31 = 4*b. Let p be n + 1 + (-24)/(-2). Let l be (308/55)/(2/20). Calculate the greatest common factor of l and p.
14
Let a = -2563 - -2587. Calculate the greatest common factor of a and 472.
8
Let d(b) = -2*b**2 - 24*b + 28. Let a be d(-13). Let w(c) = 12*c + 80. Let x be w(a). What is the highest common factor of x and 286?
26
Let t(s) = 22*s + 94. Let o be t(-4). Let c be (5 + -11)*(-184)/o. What is the highest common divisor of c and 8?
8
Let b(m) = 7*m + 667. Let u be b(-49). Calculate the highest common divisor of u and 6642.
162
Suppose 2*n + 0*n = 2*x + 1538, 5*x = -4*n + 3040. Calculate the highest common divisor of n and 75.
15
Let c be 224/42*(0 - 3). Let v be (-12)/c - 627/(-44). What is the greatest common divisor of 285 and v?
15
Suppose -28 - 4 = -2*n. Suppose -8*f = 2*f - 260. Suppose 13*x + 208 = f*x. What is the greatest common factor of x and n?
16
Suppose 3745 = 42*o - 959. What is the highest common divisor of 3584 and o?
112
Suppose 2*z + 0*z - z = 0. Let j be (-15)/(-3) + 506 + z + 2. Calculate the highest common factor of j and 54.
27
Let q be 1/((-2)/(-120)) - -1. Suppose -268 = -v + 148*m - 150*m, -4*m - 684 = -3*v. What is the greatest common divisor of q and v?
61
Let s be (-1 - (-13 + 2))/2. Let j = 2948 - 2933. What is the highest common divisor of s and j?
5
Let m be (-4 - 1474/(-33))/((-6)/(-9)). Calculate the greatest common divisor of 6954 and m.
61
Suppose 5*b - 2*i + 62 = 0, 3*b + i + 47 = -b. Let h be (-5)/(20/b) - -18. Suppose 2*q + h = u - q, 3*u + q = 93. What is the highest common factor of u and 15?
15
Let j = -3312 - -4910. What is the greatest common divisor of 282 and j?
94
Suppose -259*o = -258*o + 623. Let j = o + 700. Suppose -t + 2*t = -3*b + 20, -17 = -2*b + 3*t. What is the greatest common divisor of b and j?
7
Let x be -42*6/(-105)*-5*3. Let i = 52 + x. Calculate the highest common divisor of i and 368.
16
Suppose 0 = 5*a - 12*a + 448. Let w = -614 - -870. Calculate the highest common factor of w and a.
64
Let d(n) = 14*n + 22*n + 21 + 4*n. Suppose 49 = -30*j + 92 + 137. Let l be d(j). Calculate the highest common factor of 29 and l.
29
Let o = -12259 + 14490. What is the greatest common divisor of o and 92?
23
Suppose -20*o + 3920 = 8*o + 21*o. Calculate the greatest common factor of o and 1480.
40
Suppose -7 + 287 = 14*f. Suppose 4*n - 4*l = 220, -4*n - 3*l = -2*n - 85. What is the highest common factor of f and n?
10
Let v = -18177 + 18229. What is the greatest common divisor of v and 15366?
26
Suppose 0 = 23*y - 37*y + 2352. Suppose -172 = -34*n + y. Let v be 5/((-1)/16*-2). What is the highest common factor of n and v?
10
Let r = -2341 + 2345. Calculate the greatest common factor of 338 and r.
2
Let u be (-7*(-31)/14 - 5)/((-3)/(-140)). What is the greatest common factor of u and 6664?
98
Let t(m) = 10*m**2 - 6*m + 26. Let r be t(-6). Suppose 2*s + 1224 = 5*d, 3*s - 79 = -2*d + r. What is the greatest common factor of 6 and d?
6
Let c(b) = 10*b**2 - 129*b - 5878. Let i be c(-46). What is the greatest common factor of 221 and i?
221
Let n(o) = -8*o + 4351. Let v be n(133). What is the highest common factor of 865 and v?
173
Let y = 13968 - 5723. What is the greatest common factor of 85 and y?
85
Let s = 64 + -44. Suppose 327 = 5*d + 3*t, 2*t + 149 = 2*d + 31. Let k = 113 - d. What is the greatest common factor of k and s?
10
Suppose 20 = 34*d - 38*d, -5*y + 5*d + 35 = 0. Let h be 7/4*(y + 2). What is the greatest common factor of h and 189?
7
Let d = 2860 - 2846. What is the greatest common factor of 1561 and d?
7
Suppose 228 = -2*x + 5*x - i, 4*i + 65 = x. What is the greatest common factor of 7238 and x?
77
Let j = -1 + 8. Let d = 307 + -65. Suppose 31*o = d - 25. Calculate the highest common factor of j and o.
7
Suppose -2*u + 14 = 3*a - 0*u, 4*u - 16 = 0. Let p be ((-112)/70 - (-3)/5)*1. Let m be (a - -3 - p)*1. Calculate the highest common divisor of m and 4.
2
Let h(y) = y**2 + 10*y + 6. Let v be h(-16). Let d(m) = 38*m**2 + 2*m - 3. Let b be d(2). What is the greatest common factor of v and b?
51
Suppose -4*p + 3*u + 640 = 0, 0 = 2*p + 110*u - 114*u - 340. Calculate the highest common divisor of 9779 and p.
77
Let n be -2 - 1/(2/(-38)). Let o be (918/90)/((-42)/(-2170)). Calculate the highest common factor of n and o.
17
Let s be 0*(21/6 + -3)*-1. Suppose 3*k - 8 - 1 = s. Suppose 29 = 4*o - 3*z, -k*o - 1 = 3*z - 28. Calculate the highest common divisor of 32 and o.
8
Suppose 0 = -2*s + 2*z + 598, -387 = -s + 5*z - 116. Calculate the greatest common factor of s and 90.
18
Let p = -1981 + 2696. What is the highest common divisor of 220 and p?
55
Let h(j) = -2*j**3 + 59*j**2 + 33*j - 24. Let o be h(30). Let k be 1*(5 + (o - -5)). Calculate the greatest common divisor of 76 and k.
76
Let i(n) = 9*n**3 - n**2 + n + 2. Let z be i(-2). Let d = -31 - z. Let f be 6*(-23 - 61/(-2)). What is the greatest common divisor of d and f?
45
Let k be (4/(-14))/((-1)/((-14)/(-2))). Suppose 14 = -k*l + 3*q + 4, -2*q = -4. Let z be (-2 + 8 + l)*3. What is the greatest common divisor of z and 96?
12
Let c be ((-4)/25*5/(-2))/((-39)/(-195)). Suppose 0 - 14 = -2*b. What is the greatest common factor of c and b?
1
Suppose -4*l = 2*n - 98, -8*l + 126 = -3*l + 6*n. Calculate the greatest common factor of 7356 and l.
12
Suppose -2*v - 3*r = -4, -210*r = 3*v - 212*r - 45. What is the highest common factor of v and 209?
11
Let c(z) = -3*z + 116. Let t be c(26). Let i be (-6)/(-12)*t*(-4)/(-2). Calculate the greatest common factor of i and 2.
2
Let f = -1032 + 1200. Let p(q) = -23*q + 1. Let n be p(-1). What is the highest common factor of n and f?
24
Suppose -12696 = 2*i - 25*i. What is the greatest common divisor of 598 and i?
46
Suppose -5*y = 5*a - 7*y - 5493, -y = -2*a + 2198. Let b = a - 446. Suppose 5*g - b = 2*g. What is the greatest common divisor of g and 31?
31
Suppose q - 26 = -3*d, 12*q = 8*q + 8. Suppose -3*f = -4*l + 4, 2*f = -0*f + d. Calculate the greatest common factor of l and 16.
4
Let x be 10*(0 - -11 - 2). Let j be 65/(-13) - (-9)/((-36)/(-560)). What is the greatest common factor of x and j?
45
Let f = 174 - 131. Suppose -5*p = -12*p + 3311. What is the greatest common divisor of f and p?
43
Let d = 1272 + -885. Let q = d + -374. Calculate the highest common factor of q and 156.
13
Suppose 2*b - 2 = 0, 3*c + 41*b - 16165 = 40*b. Calculate the highest common factor of 12 and c.
12
Let v(g) = 26*g - 3. Let n be v(3). Suppose 888 = 3*q + 2*o + 744, -3*o - 159 = -3*q. Calculate the highest common factor of n and q.
25
Let y = 32 + -32. Let v(a) = -34*a + 34. Let z be v(y). What is the greatest common divisor of 306 and z?
34
Let g(k) = k**3 - 33*k - 76. Let o be g(7). What is the highest common factor of o and 450?
18
Let t(z) = z**2 - 102*z + 252. Let a be t(106). What is the greatest common factor of 312 and a?
52
Let q be 2 + (-5 - -6) + 3. Suppose -456 = 4*k - q*k. Suppose -11*v + 80 = -k. Calculate the greatest common divisor of v and 140.
28
Let l = -54 - -50. Let u(d) = 4*d + 26. Let y be u(l). Calculate the highest common divisor of y and 50.
10
Let p = -2184 - -6516. Calculate the highest common factor of p and 24.
12
Let i be 2/4*20*9/6. Suppose 4*m - i + 7 = 0. Suppose u + m*l = 6*l + 48, -2*l - 114 = -3*u. Calculate the highest common factor of 72 and u.
36
Suppose 1440 = 59*f - 54*f. Calculate the greatest common factor of f and 3888.
144
Let p be -20*(0 + -1 + 2 - 4). Let y = 680 + -412. Suppose 5*t - 